pose 0 = 2*a - 4*t - 14, -20 + 5 = w*t. List the prime factors of a/2*(-6 + 38).
2
Suppose -n = -4*n - 183. Let p = n - -94. What are the prime factors of ((-110)/p)/((-4)/30)?
5
Let t = 48 - 48. Suppose -638 = -5*u + 4*q, -4*u = -3*q - t*q - 511. List the prime factors of u.
2, 5, 13
Suppose 71*t = 75*t - 7808. What are the prime factors of t?
2, 61
Let s = 7 - -5. Suppose 6*k = 3*k - s. Let a(n) = -n - 1. List the prime factors of a(k).
3
Suppose -16*k = -12*k - 96. Suppose -3*h + k = h. List the prime factors of h.
2, 3
Suppose -3*s + 2*s + 3 = 0. Suppose 2*t + 2*t - 172 = 4*d, -123 = -3*t - s*d. List the prime factors of 4/((t/(-45))/(-7)).
2, 3, 5
Let i(c) = 14*c**2 - 10*c - 112. What are the prime factors of i(-12)?
2, 11, 23
Let o(p) = p**3 - 5*p**2 + 4*p - 1. Let y = 5 - 2. Let c be o(y). Let l = c + 17. What are the prime factors of l?
2, 5
Let q(r) = 2*r + 2. Let b = 27 + -13. Suppose -b*f + 4 = -12*f. What are the prime factors of q(f)?
2, 3
Suppose 8*n - 10*n + 282 = 0. List the prime factors of n.
3, 47
Let v(t) be the second derivative of 18*t**5/5 + t**4/6 - t**3/2 + t**2/2 - 2*t. List the prime factors of v(1).
2, 3
Suppose -g = 4*q + 43, -26 = 2*q + 5*g + 9. List the prime factors of (-15)/2*64/q.
2, 3
Let b = 309 + 537. Suppose -617 = -11*n + b. List the prime factors of n.
7, 19
Suppose -11*m - 14980 = -25*m. What are the prime factors of m?
2, 5, 107
Let o(u) = 17*u**2 + 9*u + 18. What are the prime factors of o(-3)?
2, 3
Let f(w) = w - 1. Let q be f(8). Suppose 0 = -q*u + 172 + 45. List the prime factors of u.
31
Suppose -22*j + 18072 + 6062 = 0. What are the prime factors of j?
1097
Let a(x) = x**2 + 3*x + 21. Let g = -87 + 98. List the prime factors of a(g).
5, 7
Suppose -3*a - 3*k + 21 = -0*k, -5*a = -2*k - 21. Let x(w) = -4 - w**2 + 2*w**2 - 4*w + 10. What are the prime factors of x(a)?
11
Suppose -4*n = -q + 23, -3*n + 12 = 2*q - 45. What are the prime factors of q?
3
Suppose 6*h - 8034 = -7*h. Suppose o = -2, 0 = -4*f + 4*o - o + h. List the prime factors of f.
3, 17
Let o = -19 + 10. Let c(j) be the third derivative of -j**4/24 + 32*j**2. What are the prime factors of c(o)?
3
Suppose 2*g - g = 0, 0 = z - g - 13. Suppose z*c - 7*c - 246 = 0. List the prime factors of c.
41
Suppose 5*d = 31 - 6. Suppose -d*v + 12 = -v. Let i(s) = 14*s + 1. List the prime factors of i(v).
43
Let z = 47 + 1516. List the prime factors of z.
3, 521
Suppose 2*j - 24 = -4*j. Suppose 0 = -11*c - j*c + 2685. List the prime factors of c.
179
Suppose 10*s = 3*s + 28. Suppose 4*k + s*v = 8, 0 - 4 = -3*k - 5*v. Suppose 0 = 2*p + k*f - 72, p - 3*f = f + 14. List the prime factors of p.
2, 3, 5
Suppose 2*p - p = 3*v - 47, 0 = -3*p + 2*v - 106. What are the prime factors of p/(-48) + (-676)/(-3)?
2, 113
Let x(a) = -998*a + 142. What are the prime factors of x(-2)?
2, 1069
Let t be (6/9)/(4/30). Suppose 0 = -5*f - 0*c + 3*c - 48, -t*f - 5*c = 80. What are the prime factors of 2 + f/(-3) + -3?
3
Suppose 156 = 6*v - 2*v. Suppose -5*s + v = -26. What are the prime factors of s?
13
Let v be (-1239)/(-12) - (-18)/24. Suppose -26 = i + 4*q, -6*q + q = -4*i - v. Let x = -21 - i. What are the prime factors of x?
5
Suppose 5 - 35 = -5*b. Let w(n) = 3*n - 10. List the prime factors of w(b).
2
Suppose 0 = 5*o + 3*x - 336, -o + 201 = 2*o + 2*x. Suppose -2*a = 3*u - 144, -u - o = -a + 3. List the prime factors of a.
2, 3
Let j = 309 + -165. List the prime factors of j.
2, 3
Let q(a) be the second derivative of -4*a**3 + 4*a**2 + 13*a. List the prime factors of q(-6).
2, 19
Let s(f) = -17*f + 12. Let z be -7 - ((-15)/5 + 3). List the prime factors of s(z).
131
Let x = 964 - 548. What are the prime factors of x?
2, 13
Let x(f) = 5*f**2 + 65*f + 55. List the prime factors of x(-24).
5, 11
Let w(t) = 3*t**2. Let v be w(1). Suppose 6*k - v*k = 396. What are the prime factors of k?
2, 3, 11
Let j(z) = 26*z**2 - 11*z + 9. List the prime factors of j(3).
2, 3, 5, 7
What are the prime factors of ((-544)/(-221))/(-16) - 39548/(-13)?
2, 3, 13
Suppose -3*s = -1563 + 30. List the prime factors of s.
7, 73
Suppose -p + 773 - 159 = 0. List the prime factors of p.
2, 307
Let o(k) = -12*k**2 + 36*k**2 - 27*k + 2 - 8*k**2 - 13*k**2. List the prime factors of o(12).
2, 5, 11
List the prime factors of -10 + (59520/3)/10.
2, 3, 7, 47
Let p = 41 - -11. Suppose -2*m + 16 = -p. List the prime factors of m.
2, 17
List the prime factors of 6/5 - 82593/(-135).
613
Suppose 5 = -3*j - 2*k - 24, -4*k = -j + 9. Let u be 3*(4 - j/(-3)). Let d(n) = 7*n + 2. List the prime factors of d(u).
37
Suppose 4 = -4*s, s = w - 5*w + 2703. List the prime factors of w.
2, 13
Suppose 4*i - 2*i = 2, -4*i = 4*v - 4. Suppose f + 94 - 255 = v. What are the prime factors of f?
7, 23
Suppose -d - 4*y + 41 = 0, -10 + 55 = d + 5*y. Suppose 13*x + d = 18*x. Suppose -x*v + 3*u = -536 + 152, 2*u = -3*v + 219. What are the prime factors of v?
3, 5
List the prime factors of 1673/(-12)*-10 + 21/(-126).
2, 17, 41
Let v(c) = -3*c + 3. Let w be v(-3). Let x = w - 12. Suppose x = -m - 8 + 15. List the prime factors of m.
7
Let m(v) = 11 - 6*v**3 - 27 + 5*v**3 - 9*v**2 + 17*v + 2*v. List the prime factors of m(-11).
17
Let f(j) = -j - 1. Let a be f(6). Let r = -43 + a. What are the prime factors of (42/30)/((-2)/r)?
5, 7
Suppose -6*g + 266 = g. Let o = g - 14. List the prime factors of o.
2, 3
Suppose -11*w - 6120 = -20*w. List the prime factors of w.
2, 5, 17
Suppose -d = -4*i + 765, 0*d + 4 = -4*d. Let j = -92 + i. List the prime factors of j.
3, 11
Let f(x) = 6*x**2 - 6*x - 3. Let j(c) = c**3 - 16*c**2 - 35*c - 22. Let l be j(18). List the prime factors of f(l).
3, 13
Let q = 38 + -11. Let p = 30 - q. Let d(i) = 2*i**3 + i**2 + 5*i - 6. List the prime factors of d(p).
2, 3
Let x(m) = m + 15. Let y be x(9). List the prime factors of y - 22 - 102/(-4)*4.
2, 13
Let g be -3*4/30*5. Let w = g + 8. What are the prime factors of w?
2, 3
Suppose 6*q - 1635 = 3*q. What are the prime factors of q?
5, 109
Let v = -1110 - -1566. What are the prime factors of v?
2, 3, 19
Let i = -3452 + 5866. What are the prime factors of i?
2, 17, 71
Suppose 3*i + 2*b - 644 = 0, -3*i = b + 202 - 842. What are the prime factors of (-9)/(-27) + i/3?
71
Let r(x) = 2*x - 15. Let i be r(10). Let l be ((-72)/(-45))/(2/i). Suppose -l*s - 92 = -3*y, -5 - 155 = -5*y + 5*s. What are the prime factors of y?
2, 3
Let m(d) = -d + 10. Let u be m(10). Suppose u*h = 3*h + 120. Let q = -19 - h. What are the prime factors of q?
3, 7
Let a = 686 + 1452. What are the prime factors of a?
2, 1069
Let k(d) = -d**3 - 4*d**2 + 4*d. Let n be k(-5). Let x(m) = m**2 - 24*m - 51. Let b be x(26). Suppose 0 = -2*s + n + b. List the prime factors of s.
3
Let x(r) = 4*r + 3*r - 6*r + 12 + 0*r. Let a be x(-9). Suppose 4*w - 5*g - 120 = 0, -a*w - g - 66 = -5*w. List the prime factors of w.
5, 7
Let a(b) = -44*b - 27. List the prime factors of a(-10).
7, 59
Let i(j) = -j**3 - 5*j**2 - 3*j + 4. Let l = 5 + -10. List the prime factors of i(l).
19
Suppose 5*v - 165 = 5*o, o + v = 6*o + 161. Suppose 163 = -4*h + 47. Let r = h - o. List the prime factors of r.
3
Suppose -1047 = 33*l - 34*l. What are the prime factors of l?
3, 349
Let p(c) = -c**3 - 4*c**2 + 2*c + 1. Suppose -2*m = -m + 5. Let i be p(m). Let k = 56 - i. List the prime factors of k.
2, 5
Let v(k) = k**3. Let s be (-1 + 1)/(12/(-4)). Let n be v(s). Let c(f) = f + 16. List the prime factors of c(n).
2
Let b(q) = 25*q**2 + 3*q + 3. Let d be b(-2). Suppose 9*x + d - 583 = 0. What are the prime factors of x?
2, 3
Let f(l) = 6*l**2 + 3*l - 3. Let q be f(-3). Let b = q - 7. List the prime factors of b.
5, 7
Let z(m) = m**3 - 16*m**2 - 29*m + 44. Let p be z(18). Let a = p - 83. What are the prime factors of a?
3, 29
Suppose n = 1, -2*l + n = -0*n - 267. Suppose 0 = -5*z + 371 + l. List the prime factors of z.
101
Let k = 16 + -13. Suppose 13 - k = 5*d. What are the prime factors of (-183)/(-6) - (-1)/d?
31
Let h be -2 - 2 - 20/(-5). Suppose -5*y = 2*i - 157, i + 4*y - 71 - 15 = h. Suppose 4*x = 2 + i. What are the prime factors of x?
17
Let w be 6*(1 - 4) - (4 - 7). Let m(v) = -v**3 - 15*v**2 - 4*v + 29. What are the prime factors of m(w)?
89
Let z(t) = -8*t + 52*t**2 + 4*t + 4*t. List the prime factors of z(1).
2, 13
Let t(w) be 